it of k?
0
Let v(d) = 181*d**2 + 4*d - 6. Let f be v(-4). What is the hundreds digit of 1/(5754/f - 2)?
4
Let o(t) = -156*t - 4532. What is the tens digit of o(-64)?
5
Let y = 73441 - 36744. What is the units digit of y?
7
Let k(a) = a**2 - 5*a + 5. Let y be k(2). What is the tens digit of (11/(y*(-1)/(-33)))/(-1)?
6
What is the tens digit of 9/(-21) + ((-12)/252)/((-1)/276348)?
5
Let l(z) be the first derivative of 94*z**3/3 + 21*z**2/2 - 45*z - 27. What is the tens digit of l(3)?
6
Let g = -31 - -34. Suppose -i = p + 3*i - 395, 4*i - 1209 = -g*p. What is the tens digit of p?
0
Let h(w) be the second derivative of 13*w**4/12 + 11*w**3/2 - 26*w**2 - w + 87. What is the units digit of h(-9)?
4
Suppose -16*n - 810 = 694. Let m = n + 127. What is the tens digit of m?
3
Let b(m) = 2781*m**2 - 9*m + 18. Let q be b(2). What is the hundreds digit of 4/6 + q/81?
1
What is the hundreds digit of 1034/(-517) + 2/1 + 53018?
0
Let l = 17944 - -6960. What is the ten thousands digit of l?
2
Suppose 4*j - 2*n = 162, j + 3*n - 47 + 10 = 0. Suppose 6*l + 4*l = j. Suppose -l*s + 487 = 3*p, 4*p - 497 = p - 2*s. What is the hundreds digit of p?
1
Suppose 2*r = 5*k - 6 - 1, 4*k = 5*r + 9. Let c be (-37 + 3)*(-2 - r)/(-1). What is the hundreds digit of (-4301)/c - 2/4?
1
Let p = -2618 + 12148. What is the tens digit of p?
3
Suppose 120 = -5*p - 5*h, 0 = -p - 3*p + 2*h - 96. What is the units digit of (-652)/(2/(-5) - p/(-15))?
6
Let r(a) = 122*a + 20. Let s be r(3). What is the units digit of -3 + s/2 - 0?
0
Let u be (23/2)/(16/64). Suppose -u*z = -45*z - 97. What is the tens digit of z?
9
Let b(s) = 51 - 675 - 16*s + 193 + 182. What is the tens digit of b(-51)?
6
Suppose -101*j + 7*j + 3880978 = 0. What is the ten thousands digit of j?
4
Suppose 1437*h = 1435*h + 8. What is the tens digit of (-677 + -10)/((-2)/h)?
7
Suppose -d + 3 = -2. Let n = 1 - d. What is the tens digit of 1 + (n - -6) + 74?
7
Suppose 4*a = 19818 - 3466. Suppose -10*r - 13 = -11*r. Suppose -r*v = 1098 - a. What is the units digit of v?
0
Let i(h) be the third derivative of -h**6/120 + 11*h**5/60 - 5*h**4/24 - 11*h**3/6 + 16*h**2. Let j be i(8). Let x = j - 99. What is the units digit of x?
2
Let d(o) = 26*o**2 - 160*o + 48. What is the thousands digit of d(-28)?
4
Let h be -1 + 17 + (-8 - (-10 + 5)). Suppose 4*a = -r - h + 1, -8 = -3*r - a. What is the units digit of (-4)/(64/(-12)) - (-169)/r?
3
Let n = 461 + 1612. Suppose 0 = 41*l - 44*l + n. What is the tens digit of l?
9
Let z = 24067 - 3320. What is the tens digit of z?
4
Let u = -138 + 138. Suppose u = 16*p - 10*p - 522. What is the units digit of p?
7
Let g(q) be the second derivative of -145*q**3/2 - 84*q**2 - 318*q. What is the tens digit of g(-2)?
0
Let i = -3507 - -15245. What is the hundreds digit of i?
7
Suppose -5*s - 794 = -4*y - 4*s, 802 = 4*y + 3*s. Let z = y + -11. Suppose z + 22 = 10*x. What is the tens digit of x?
2
What is the thousands digit of ((-10)/(-8))/(-23 + (-2033592)/(-88416))?
4
Suppose 0 = 5*t - n - 17846, -t - 2*n + 2169 = -1387. What is the thousands digit of t?
3
Let g(m) = 10588*m**2 + 32*m + 93. What is the ten thousands digit of g(-2)?
4
Suppose -562 = 2*z - 552, 0 = -3*r - z + 32755. What is the units digit of r?
0
Suppose 1945949 = 242*c - 2012203. What is the thousands digit of c?
6
Let c be (36/(-10))/((-75)/(-250)). What is the tens digit of 921/c*56/(-7)?
1
Let l be -1*((-41)/(-1) + 0). Let z(u) = -10*u - 87. What is the hundreds digit of z(l)?
3
Let b(v) = 2*v + 29. Let l be b(-10). Let k be (-6)/(3 - (-1450)/(-482)). Suppose 294 = l*w - k. What is the units digit of w?
3
Let u = -82 + 66. Let l be -40 - u - (-1 - -3). Let k(z) = -z**3 - 27*z**2 - 28*z - 14. What is the units digit of k(l)?
8
Suppose 0 = -5*s - 4*v - 20961 + 148409, -2*v - 101948 = -4*s. What is the hundreds digit of s?
4
Let b(m) = -16*m**3 + 5*m**2 - m - 6. Let f(h) = 2*h**2 + 19*h - 7. Let n be f(-10). Let s be b(n). Let v = s + 567. What is the tens digit of v?
7
What is the thousands digit of ((-2)/5)/(2260907/(-205535) + 11)?
3
Let h = -4224 + 18789. What is the hundreds digit of h?
5
Let l(q) = 311*q**3 + 5*q**2 - 20*q + 12. What is the units digit of l(3)?
4
Suppose -2*f + g + 20 = -3*g, -2*f - 7 = 5*g. What is the units digit of 1*(2 + f) + 258?
4
Let a be 2/(-4)*(2 + -2)/2. Suppose a = c + 80 + 32. What is the units digit of 1/((-2)/(-64))*c/(-32)?
2
Let l = -25046 - -39166. What is the hundreds digit of l?
1
Let f(r) = 5*r**2 + 363*r + 104. What is the units digit of f(31)?
2
Suppose 3*m = -n + 2*m + 20, 5*n - 4*m = 64. Suppose 0 = 2*z - p + 2*p - 18, 0 = 4*p + n. Suppose i + z = 40. What is the units digit of i?
9
What is the ten thousands digit of (-1)/(-2) - (-61)/(3050/2693625)?
5
Let n(w) = -10*w**2 - 4*w - 4. Let b(z) = -21*z**2 - 8*z - 12. Let s(y) = 3*b(y) - 7*n(y). What is the tens digit of s(-11)?
9
Suppose 0 = 8*i + 7*i + 3*i - 196020. What is the thousands digit of i?
0
Let b = 7509 - 7154. Let w be 1/(-2)*-2 - 171. Let m = w + b. What is the tens digit of m?
8
Suppose 0 = 11495*c - 11491*c - 37344. What is the units digit of c?
6
Suppose 48*h - 130348 = -4*p + 53*h, -3*p + 97761 = -4*h. What is the thousands digit of p?
2
Let t be 4*367*3/12. Suppose 2*z + c - 14 + 10 = 0, -5*z + 25 = -5*c. Suppose z*r - 356 = 2*m, -5*r = -m - t - 238. What is the tens digit of r?
2
Suppose -3*l + 1 = -3*b - 2, l - 7 = -b. Suppose -l*g = -2*g + 10. What is the tens digit of g/2*(-760)/25?
7
Suppose q + 2*j + 2136 = 4*q, 3553 = 5*q - j. Suppose -y - 3*y + q = 5*d, 2*d = -3*y + 284. Let b = d - 75. What is the units digit of b?
7
Suppose -3*v + 998 = 2*g, 0 = g - 81*v + 82*v - 497. What is the units digit of g?
3
Let x(u) be the third derivative of -15*u**2 + 0 + 3/2*u**3 + 0*u + 1/6*u**5 + 1/6*u**4 + 1/120*u**6. What is the units digit of x(-4)?
9
Let v = 916 - -17136. What is the units digit of v?
2
Let h(d) = 313*d**3 - 7*d**2 - 115*d + 633. What is the ten thousands digit of h(6)?
6
Let u be -3*((-1722)/9)/7. What is the units digit of (-112 + 118)/(1 - 78/u)?
3
Suppose -2*c - 24 = -8*c. Suppose 3*z + 2*j - 8 = c, 3*z = j + 12. Let t(o) = -o**3 + 13*o**2 - 6*o + 3. What is the hundreds digit of t(z)?
1
Suppose 0 = -4*g - 10 - 2. What is the tens digit of ((-12)/8)/(g/748)?
7
Let k = 31 + -28. Suppose k = -h + 1. What is the units digit of 54 - (3*-2)/h?
1
Let r be ((-24)/30)/(1/(-5)). Suppose -754 = -4*u - 12*v + 17*v, r*u = 2*v + 760. What is the hundreds digit of u?
1
Let w = 8898 + 1317. What is the tens digit of w?
1
Suppose -4*v + 37913 = 2*c - 5*c, 5*c + 15 = 0. What is the tens digit of v?
7
Suppose -n - g = -51417, 0 = 218*n - 221*n + 2*g + 154246. What is the units digit of n?
6
Let n = 12049 + -2377. Suppose 0 = -156*w + 150*w + n. What is the tens digit of w?
1
Suppose 12*f - 17 = 7. Suppose -3*a - 3*z + 1029 = 0, 3*a + a - f*z = 1384. What is the tens digit of a?
4
Let j(b) = b**3 + 6*b**2 - 3*b + 2. Let y be j(-6). Let w = 30 - y. Let q(g) = 2*g**3 - 21*g**2 + 11*g + 5. What is the tens digit of q(w)?
1
Suppose -2*y - 2*j = -133446, 24*y - 27*y = -j - 200145. What is the units digit of y?
7
Let w(n) = -536*n - 1881. What is the hundreds digit of w(-20)?
8
Let t(y) = 8*y**2 - 12*y + 25. Let c(q) = -10*q**3 - q**2 + 2*q + 2. Let u be c(-1). What is the tens digit of t(u)?
6
Let h = 36786 + -11951. What is the units digit of h?
5
Suppose -1431*x + 1405*x = -372554. What is the hundreds digit of x?
3
Let u(z) = 5*z + 18. Let s be u(4). Let c = s - 35. Suppose -c*y + 282 = 5*t - 2*y, 3*t = 5*y + 186. What is the units digit of t?
7
Suppose 16*t - 5*t = 5720. Let z = t - 159. What is the units digit of z?
1
Let s = -93 + 185. Suppose -66 = 10*x - 1066. Suppose -8*l + s = -x. What is the units digit of l?
4
Let r = -584 - -599. Suppose -3*u - v = -3921, -14*v - r = -19*v. What is the units digit of u?
6
Let w(v) = 1084*v + 16. Let c be w(1). What is the units digit of c/(-33)*(-156)/5?
0
Let p = -8009 + 11505. What is the hundreds digit of p?
4
Suppose -7*j + 658673 = 17781. What is the thousands digit of j?
1
Let r(a) = a**3 + 1. Let d(p) = 2*p**3 + 15*p**2 - 6*p - 1. Let v(m) = -d(m) + r(m). Let j be (-133)/38*1*64/14. What is the units digit of v(j)?
2
Suppose o - n + 2692 = 0, -8432 = 3*o + 5*n - 380. Let w = 